(2/22*2). Let b = -9 - q. List the prime factors of b.
2
Suppose 3*v + v - 344 = -2*l, -l - 176 = -2*v. What are the prime factors of v?
3, 29
What are the prime factors of (-8)/(-4)*(6 - 1)?
2, 5
Suppose 0*a = -4*y + 2*a, -a = -5*y. Let p be (0 - 4) + y + 2. What are the prime factors of -2 - (1 + -12 - p)?
7
Let m(u) = u**3 - 2*u**2 + 2*u - 2. Let d be m(2). Let w be ((-8)/(-5))/((-1)/(-25)). Suppose d*y + 3*y = w. What are the prime factors of y?
2
Let b be 8/2*1/2. Suppose n + d = b*n + 2, 6 = 3*n + 3*d. What are the prime factors of n + (-2)/3*-15?
2, 5
Suppose -2*c + 3*n + 4 = 5*n, 0 = 3*c - n + 10. What are the prime factors of (-49)/c + 15/10?
2, 13
Suppose -g + 39 = 4*z, -15 = -2*z + 4*g - 3*g. What are the prime factors of z?
3
Suppose y - 23 = 5*r - 0*r, -4*r = -5*y + 199. What are the prime factors of y?
43
Let x(k) = -k**3 - 4*k**2 + k + 4. Let p be x(-3). Let z(b) = -b**2 - 12*b - 10. Let y be z(p). Let f = y - 16. What are the prime factors of f?
2, 3
Let c(s) = 3*s**2 + 5*s + 2. Let n be c(-4). Let g = n + -9. What are the prime factors of g?
3, 7
Suppose -3*k = -5*k + 8. Suppose 4*w - 17 = -5*x + 25, -k*x = 4*w - 32. What are the prime factors of x?
2, 5
Let n be (-1 - 5)/((-9)/6). Suppose 5*f + 4*x - 30 = 0, 0*f + 6 = f - n*x. List the prime factors of f.
2, 3
Suppose -4*f = -16, -28 = -2*v - 2*v - 3*f. Suppose 5*k - 594 = v*j, -k - 4*j + 468 = 3*k. Suppose 5*t - k = -13. List the prime factors of t.
3, 7
Suppose 16*i - 11*i - 1100 = 0. List the prime factors of i.
2, 5, 11
What are the prime factors of (1 - -57) + 11/((-33)/(-6))?
2, 3, 5
Suppose d - 77 = -2*d - 5*y, -5*d = 3*y - 107. Let h = d + -14. What are the prime factors of h?
5
Let p(v) = -v**2 + 2*v - 1. Let k be p(3). Let f = k + 1. Let u(c) = 2*c**2 + 3*c + 3. What are the prime factors of u(f)?
2, 3
Suppose 13*s - 8*s = 260. List the prime factors of (-3 + -3)*s/(-6).
2, 13
Let w(x) be the second derivative of 1/20*x**5 - x + 3/2*x**2 + 0 - 1/2*x**3 + 1/6*x**4. What are the prime factors of w(-3)?
3
Suppose -2*d + 7*q - 2*q = -3, 2*d + 3*q - 27 = 0. List the prime factors of (-1)/3 + 66/d.
7
Suppose -2*n + 3*j + 186 = n, -4*n = j - 228. List the prime factors of n.
2, 29
Let s(h) = -h. Let a(q) = q - 8. Let m(u) = a(u) - 2*s(u). Let r(v) = -1. Let j(i) = m(i) - 6*r(i). What are the prime factors of j(2)?
2
Suppose -3419 = -3*o - 10*o. List the prime factors of o.
263
Let f = -20 - -41. List the prime factors of f.
3, 7
Let z = 39 - 8. List the prime factors of z.
31
Suppose 0 = 5*i + 3*d - 4*d - 148, 5*d = -4*i + 101. What are the prime factors of i?
29
Suppose -2 = -l - 0. Suppose 1 = -l*r + 51. What are the prime factors of r?
5
Let p(c) be the first derivative of c**3/3 - 11*c**2/2 + 5*c + 2. Let k(o) = o - 1. Let x(g) = -5*k(g) - p(g). What are the prime factors of x(5)?
5
Let s(z) be the second derivative of z**3/6 + 4*z**2 - 2*z. Let r(b) = b + 7. Let w be r(-7). What are the prime factors of s(w)?
2
Let v(m) = -m**3 - 7*m**2 - 6*m - 3. Let d be v(-4). Let u = d + 48. List the prime factors of u.
3, 7
Let j(v) = -v**3 + 6*v**2 + 9*v - 9. Let i be j(7). Suppose i*x = -14 + 69. What are the prime factors of x?
11
Let a = 16 + 54. What are the prime factors of a?
2, 5, 7
Let z(d) = 3*d - 11. Let s be z(6). Suppose 155 = 12*h - s*h. What are the prime factors of h?
31
Suppose -2*m - 10 = 22. Let q be (-94)/8 + 4/m. What are the prime factors of q/5*(-1 - 4)?
2, 3
Suppose 0 = 5*d - z - 141, -8*d - z = -4*d - 111. What are the prime factors of d?
2, 7
Suppose 2*m - 6 = -2*v, -2*v - 5*m + 1 = -5. Suppose 0 = 7*u - v*u - 48. Suppose -3 = -5*k + u. List the prime factors of k.
3
Let h(w) = 2*w**2 + 5*w - 2. Let t = 0 + 0. Suppose 4*m + 16 = -t*m. List the prime factors of h(m).
2, 5
Let j = -22 + 26. List the prime factors of ((-45)/j)/(9/(-36)).
3, 5
Let z(v) be the first derivative of v**6/30 - v**5/20 + v**4/24 - v**2/2 + 3. Let y(f) be the second derivative of z(f). List the prime factors of y(2).
2, 11
Suppose 3*t + 12 = 0, -4*u + 5*t + 6 = -118. Suppose -r + u = -5. What are the prime factors of r?
31
Let g = -7 - -12. Suppose -23 + 93 = g*l. What are the prime factors of l?
2, 7
Let c(w) = w**3 - 8*w**2 - 10*w + 12. Let b be c(9). Suppose -3*m = -b*r - 45, -2*m + 5*r = -5*m + 53. What are the prime factors of m?
2
Suppose 4*v + 3*p + 664 = 8*v, 0 = 5*p + 20. List the prime factors of v.
163
Suppose -2*w + 3 + 1 = 0. Suppose -4*f + 6 + 6 = w*o, 2*f = 4*o + 6. What are the prime factors of f?
3
Let c = -14 + 24. Suppose 0 = 2*z + 3*z - c. Suppose t - 39 = -z*t. List the prime factors of t.
13
Let o(w) = 4 + w + 6 - 2*w + 0*w. List the prime factors of o(0).
2, 5
Let f be (-3 + 1 + 8)*2. List the prime factors of (6/(-5))/(f/(-90)).
3
Suppose -4*r + 363 + 121 = 0. What are the prime factors of r?
11
Let a(b) = b**2 + 14*b - 10. Let p be a(-15). Suppose -n + p = -35. What are the prime factors of n?
2, 5
Let s = 15 - 10. Suppose -s*w = 4*r - 62, -2*r - 74 = -w - 4*w. List the prime factors of w.
2, 7
Suppose -2*p = -3*x - 62, 0 = -0*p + 2*p + 5*x - 62. List the prime factors of p.
31
Let x(m) = -5*m + 24. What are the prime factors of x(-24)?
2, 3
Suppose -5*o + 3*o + 20 = -4*x, 0 = -2*o + 2*x + 14. Let t be 218/4 - 3/6. Suppose o*s + 6 - t = 3*d, s + 2*d = 12. What are the prime factors of s?
2, 3
Let b be 18/10 + (-4)/(-20). Suppose 0 = -0*d - b*d + 6. Suppose -43 = -5*m - d*n, -3*m + 8 = -n - 15. What are the prime factors of m?
2
Let r(a) = 4*a**2. Let n(m) = -m**2 - 4*m - 3. Let w be n(-2). Let o be r(w). What are the prime factors of (-3 - 11)/(o/(-6))?
3, 7
Let n(y) = -y**2 + 6*y + 9. What are the prime factors of n(6)?
3
Let m be (-4)/(-6) + 1576/12. Suppose -4*z + 2*n = -m, 3*n = 7*n. Suppose g - z = -2*g. List the prime factors of g.
11
Let g be (8/3)/(1/6). Suppose 3*n - 4*n = 6. Let l = g + n. What are the prime factors of l?
2, 5
Let g be 1/(3/(-6)) + 3. Let t be -1*(1/g + 31). List the prime factors of (-3)/2*t/12.
2
Let z(u) = 14*u - 1. Suppose -2*y = 3*j + 1 - 6, 2*y = -j + 7. Let t be z(j). Let x = 27 + t. What are the prime factors of x?
2, 3
Let n(q) = -53*q + 23. What are the prime factors of n(-4)?
5, 47
Let d(w) = -w**3 - 4*w**2 + 6*w - 5. List the prime factors of d(-6).
31
List the prime factors of (-45)/18*(-2)/(-10)*-122.
61
Let q(p) = 4 + 0 + p - 7. Let d be q(5). Suppose -16 = -2*h - 4*y, -3*h - 5*y = -d*y - 18. List the prime factors of h.
2
Let z(u) = -6*u + 2. Let j be 5*2/5*-2. List the prime factors of z(j).
2, 13
Suppose -z - 2 = -k, 2*k = 2*z - 3*k + 10. Let d be 6 - ((-3)/(-3) + z). Suppose -20 = -2*a - 5*v + 14, -3*a - d*v = -41. What are the prime factors of a?
7
Suppose -28 = h - 4*r, 5*r = -3*h - 48 - 19. Let c = h + 37. List the prime factors of c.
13
Let r = -5 + -4. What are the prime factors of (-66)/9*r/3?
2, 11
Let y = -12 - -6. Let i = -5 - y. Suppose 0 = j - 4 - i. List the prime factors of j.
5
Suppose -5*y + 5*l + 1315 = 0, -2*y - 6*l + l + 561 = 0. What are the prime factors of y?
2, 67
Suppose 0 = 3*k + k + 48. Let z = -7 - k. Let x = 9 - z. What are the prime factors of x?
2
Let y = 41 + -33. List the prime factors of y.
2
Suppose -69*p = -65*p - 644. List the prime factors of p.
7, 23
Suppose -2*t + 4*n = 4, -3*t + 4*t + 4*n - 16 = 0. Suppose 5*x + 6 = -2*u, -t*u = 3*x + x - 12. List the prime factors of u.
7
Let v(t) = -t**3 - 4*t**2 + 4*t - 3. Let u = 9 + -14. Let f be v(u). Suppose -3*x + 8*x + c = 50, -3*x + f*c = -30. What are the prime factors of x?
2, 5
Let s be ((-8)/2 - -91) + 1. Suppose -5*y = -y - s. What are the prime factors of y?
2, 11
Let o(t) be the second derivative of -t**3/3 + 10*t**2 + 2*t. List the prime factors of o(0).
2, 5
Let h(n) = -6*n**3 - 11*n**2 - 16*n + 11. Let a(d) = -d**3 - 2*d**2 - 3*d + 2. Let y(s) = -11*a(s) + 2*h(s). List the prime factors of y(-2).
2, 3
Let i = -2 - -2. Suppose z + 29 = 3*t + 76, i = -z + 2. List the prime factors of (10/t)/(2/(-36)).
2, 3
Let j(t) be the third derivative of -5/24*t**4 - 3*t**2 + 0 + 1/60*t**5 + 2/3*t**3 + 0*t. What are the prime factors of j(7)?
2, 3
Let x = 5 + 1. List the prime factors of 1 - (2 - x/2).
2
Let z(g) = 2*g**2 + 2. List the prime factors of z(-4).
2, 17
Let j(h) = h - 14. Let u be j(14). Let t(q) = q + 52. What are the